{"id":4286,"date":"2021-01-19T17:10:33","date_gmt":"2021-01-19T22:10:33","guid":{"rendered":"https:\/\/www.proamazonia.org\/?page_id=4286"},"modified":"2021-01-21T14:43:19","modified_gmt":"2021-01-21T19:43:19","slug":"convocatorias","status":"publish","type":"page","link":"https:\/\/www.proamazonia.org\/ppr\/inicio\/biblioteca\/convocatorias\/","title":{"rendered":"CONVOCATORIAS"},"content":{"rendered":"<div class=\"wpb-content-wrapper\"><p><\/p>\n<p>[vc_row][vc_column width=\u00bb1\/1&#8243;]<div class=\" ubtn-ctn-center \"><button type=\"button\" id=\"ubtn-3431\" class=\"ubtn ult-adjust-bottom-margin ult-responsive ubtn-normal ubtn-no-hover-bg  none  ubtn-center   tooltip-69e7d2d8b59cb\"  data-hover=\"#ffffff\" data-border-color=\"\" data-bg=\"#8412cc\" data-hover-bg=\"#590396\" data-border-hover=\"\" data-shadow-hover=\"\" data-shadow-click=\"none\" data-shadow=\"\" data-shd-shadow=\"\"  data-ultimate-target='#ubtn-3431'  data-responsive-json-new='{\"font-size\":\"desktop:18px;tablet:12px;tablet_portrait:12px;mobile_landscape:12px;mobile:12px;\",\"line-height\":\"\"}'  style=\"font-weight:normal;border:none;background: #8412cc;color: #ffffff;\"><span class=\"ubtn-hover\" style=\"background-color:#590396\"><\/span><span class=\"ubtn-data ubtn-text \" >CONVOCATORIAS<\/span><\/button><\/div><div class=\"ult-spacer spacer-69e7d2d8b5a27\" data-id=\"69e7d2d8b5a27\" data-height=\"10\" data-height-mobile=\"5\" data-height-tab=\"5\" data-height-tab-portrait=\"5\" data-height-mobile-landscape=\"5\" style=\"clear:both;display:block;\"><\/div>[\/vc_column][\/vc_row][vc_row][vc_column width=\u00bb1\/1&#8243;]<div id=\"ult-carousel-131222252769e7d2d8b5b36\" class=\"ult-carousel-wrapper   ult_horizontal\" data-gutter=\"15\" data-rtl=\"false\" ><div class=\"ult-carousel-168447307769e7d2d8b5a3c \" ><div class=\"ult-item-wrap\" data-animation=\"animated no-animation\"><div class=\"single_image wpb_content_element align-center  animate image_box_shadow image_zoom\" data-animation=\"fade-in-from-bottom\" data-delay=\"0\"><a href=\"https:\/\/www.proamazonia.org\/ministerio-de-agricultura-y-ganaderia-y-ministerio-del-ambiente-y-agua-lanzan-la-segunda-convocatoria-de-fondos-concursables-para-bioemprendimientos\/\" target=\"_blank\"><img loading=\"lazy\" decoding=\"async\" width=\"700\" height=\"900\" src=\"https:\/\/www.proamazonia.org\/ppr\/wp-content\/uploads\/2021\/01\/Lanzamiento_Bio_Emprendimiento_convocatorias_Biblioteca_Proamazonia_Ecuador_bosques.jpg\" class=\"attachment-full\" alt=\"\" title=\"Lanzamiento_Bio_Emprendimiento_convocatorias_Biblioteca_Proamazonia_Ecuador_bosques\" srcset=\"https:\/\/www.proamazonia.org\/ppr\/wp-content\/uploads\/2021\/01\/Lanzamiento_Bio_Emprendimiento_convocatorias_Biblioteca_Proamazonia_Ecuador_bosques.jpg 700w, https:\/\/www.proamazonia.org\/ppr\/wp-content\/uploads\/2021\/01\/Lanzamiento_Bio_Emprendimiento_convocatorias_Biblioteca_Proamazonia_Ecuador_bosques-233x300.jpg 233w\" sizes=\"auto, (max-width: 700px) 100vw, 700px\" \/><\/a><\/div><\/div><div class=\"ult-item-wrap\" data-animation=\"animated no-animation\"><div class=\"single_image wpb_content_element align-center  animate image_box_shadow image_zoom\" data-animation=\"fade-in-from-bottom\" data-delay=\"0\"><a href=\"https:\/\/www.proamazonia.org\/bioemprendimiento\/\" target=\"_blank\"><img loading=\"lazy\" decoding=\"async\" width=\"700\" height=\"900\" src=\"https:\/\/www.proamazonia.org\/ppr\/wp-content\/uploads\/2021\/01\/Segunda_Bio_Emprendimiento_convocatorias_Biblioteca_Proamazonia_Ecuador_bosques.jpg\" class=\"attachment-full\" alt=\"\" title=\"Segunda_Bio_Emprendimiento_convocatorias_Biblioteca_Proamazonia_Ecuador_bosques\" srcset=\"https:\/\/www.proamazonia.org\/ppr\/wp-content\/uploads\/2021\/01\/Segunda_Bio_Emprendimiento_convocatorias_Biblioteca_Proamazonia_Ecuador_bosques.jpg 700w, https:\/\/www.proamazonia.org\/ppr\/wp-content\/uploads\/2021\/01\/Segunda_Bio_Emprendimiento_convocatorias_Biblioteca_Proamazonia_Ecuador_bosques-233x300.jpg 233w\" sizes=\"auto, (max-width: 700px) 100vw, 700px\" \/><\/a><\/div><\/div><div class=\"ult-item-wrap\" data-animation=\"animated no-animation\"><div class=\"single_image wpb_content_element align-center  animate image_box_shadow image_zoom\" data-animation=\"fade-in-from-bottom\" data-delay=\"0\"><a href=\"https:\/\/www.proamazonia.org\/fomento-de-la-produccion-sostenible\/\" target=\"_blank\"><img loading=\"lazy\" decoding=\"async\" width=\"700\" height=\"900\" src=\"https:\/\/www.proamazonia.org\/ppr\/wp-content\/uploads\/2021\/01\/fondos_concursables_convocatorias_Biblioteca_Proamazonia_Ecuador_bosques.jpg\" class=\"attachment-full\" alt=\"\" title=\"fondos_concursables_convocatorias_Biblioteca_Proamazonia_Ecuador_bosques\" srcset=\"https:\/\/www.proamazonia.org\/ppr\/wp-content\/uploads\/2021\/01\/fondos_concursables_convocatorias_Biblioteca_Proamazonia_Ecuador_bosques.jpg 700w, https:\/\/www.proamazonia.org\/ppr\/wp-content\/uploads\/2021\/01\/fondos_concursables_convocatorias_Biblioteca_Proamazonia_Ecuador_bosques-233x300.jpg 233w\" sizes=\"auto, (max-width: 700px) 100vw, 700px\" \/><\/a><\/div><\/div><\/div><\/div>            <script type=\"text\/javascript\">\n\t\t\t\tjQuery(document).ready(function($){\n               \t\t$('.ult-carousel-168447307769e7d2d8b5a3c').slick({dots: true,autoplay: true,autoplaySpeed: 5000,speed: 300,infinite: true,arrows: true,nextArrow: '<button type=\"button\" style=\"color:#333333; font-size:20px;\" class=\"slick-next default\"><i class=\"ultsl-arrow-right4\"><\/i><\/button>',prevArrow: '<button type=\"button\" style=\"color:#333333; font-size:20px;\" class=\"slick-prev default\"><i class=\"ultsl-arrow-left4\"><\/i><\/button>',slidesToScroll:1,slidesToShow:4,swipe: true,draggable: true,touchMove: true,responsive: [\n\t\t\t\t\t\t\t{\n\t\t\t\t\t\t\t  breakpoint: 1025,\n\t\t\t\t\t\t\t  settings: {\n\t\t\t\t\t\t\t\tslidesToShow: 4,\n\t\t\t\t\t\t\t\tslidesToScroll: 1,  \n\t\t\t\t\t\t\t  }\n\t\t\t\t\t\t\t},\n\t\t\t\t\t\t\t{\n\t\t\t\t\t\t\t  breakpoint: 769,\n\t\t\t\t\t\t\t  settings: {\n\t\t\t\t\t\t\t\tslidesToShow: 2,\n\t\t\t\t\t\t\t\tslidesToScroll: 2\n\t\t\t\t\t\t\t  }\n\t\t\t\t\t\t\t},\n\t\t\t\t\t\t\t{\n\t\t\t\t\t\t\t  breakpoint: 481,\n\t\t\t\t\t\t\t  settings: {\n\t\t\t\t\t\t\t\tslidesToShow: 1,\n\t\t\t\t\t\t\t\tslidesToScroll: 1\n\t\t\t\t\t\t\t  }\n\t\t\t\t\t\t\t}\n\t\t\t\t\t\t],pauseOnHover: true,\n\t\t\t\t\t\tpauseOnDotsHover: true,customPaging: function(slider, i) {\n                   return '<i type=\"button\" style=\"color:#333333;\" class=\"ultsl-record\" data-role=\"none\"><\/i>';\n                },});\n\t\t\t\t});\n\t\t\t<\/script>\n            [\/vc_column][\/vc_row][vc_row][vc_column width=\u00bb1\/2&#8243;]<div class=\"ult-spacer spacer-69e7d2d8b67ee\" data-id=\"69e7d2d8b67ee\" data-height=\"70\" data-height-mobile=\"20\" data-height-tab=\"20\" data-height-tab-portrait=\"20\" data-height-mobile-landscape=\"20\" style=\"clear:both;display:block;\"><\/div>[\/vc_column][\/vc_row][vc_row type=\u00bbfull_width_section\u00bb text_align=\u00bbcenter\u00bb][vc_column bg_image=\u00bb61&#8243; column_center=\u00bbtrue\u00bb width=\u00bb1\/1&#8243;]<div class=\"ult-spacer spacer-69e7d2d8b67fd\" data-id=\"69e7d2d8b67fd\" data-height=\"59\" data-height-mobile=\"30\" data-height-tab=\"30\" data-height-tab-portrait=\"30\" data-height-mobile-landscape=\"30\" style=\"clear:both;display:block;\"><\/div>[\/vc_column][\/vc_row][vc_row][vc_column width=\u00bb1\/1&#8243;]<div class=\"ult-spacer spacer-69e7d2d8b6807\" data-id=\"69e7d2d8b6807\" data-height=\"30\" data-height-mobile=\"10\" data-height-tab=\"10\" data-height-tab-portrait=\"10\" data-height-mobile-landscape=\"10\" style=\"clear:both;display:block;\"><\/div>[\/vc_column][\/vc_row][vc_row][vc_column]<div class=\" ubtn-ctn-center \"><button type=\"button\" id=\"ubtn-6311\" class=\"ubtn ult-adjust-bottom-margin ult-responsive ubtn-normal ubtn-no-hover-bg  none  ubtn-center   tooltip-69e7d2d8b6821\"  data-hover=\"\" data-border-color=\"\" data-bg=\"#1c1491\" data-hover-bg=\"#061282\" data-border-hover=\"\" data-shadow-hover=\"\" data-shadow-click=\"none\" data-shadow=\"\" data-shd-shadow=\"\"  data-ultimate-target='#ubtn-6311'  data-responsive-json-new='{\"font-size\":\"desktop:18px;tablet:12px;tablet_portrait:12px;mobile_landscape:12px;mobile:12px;\",\"line-height\":\"\"}'  style=\"font-weight:normal;border:none;background: #1c1491;color: #ffffff;\"><span class=\"ubtn-data ubtn-icon\"><i class=\"none\" style=\"font-size:32px;color:;\"><\/i><\/span><span class=\"ubtn-hover\" style=\"background-color:#061282\"><\/span><span class=\"ubtn-data ubtn-text \" >Radio Revista - Amazon\u00eda Produce<\/span><\/button><\/div><div class=\"ult-spacer spacer-69e7d2d8b6845\" data-id=\"69e7d2d8b6845\" data-height=\"10\" data-height-mobile=\"\" data-height-tab=\"10\" data-height-tab-portrait=\"10\" data-height-mobile-landscape=\"10\" style=\"clear:both;display:block;\"><\/div><div id=\"ult-carousel-87381004169e7d2d8b686b\" class=\"ult-carousel-wrapper   ult_horizontal\" data-gutter=\"15\" data-rtl=\"false\" ><div class=\"ult-carousel-213104312669e7d2d8b6855 \" ><div class=\"ult-item-wrap\" data-animation=\"animated no-animation\"><div class=\"video-embed  wpb_content_element\"><iframe loading=\"lazy\" title=\"Radio Revista - Amazon\u00eda Produce - \u00bfQu\u00e9 son las BPA?\" width=\"1161\" height=\"653\" src=\"https:\/\/www.youtube.com\/embed\/f3hNfPX2rmM?feature=oembed\" frameborder=\"0\" allow=\"accelerometer; autoplay; clipboard-write; encrypted-media; gyroscope; picture-in-picture; web-share\" referrerpolicy=\"strict-origin-when-cross-origin\" allowfullscreen><\/iframe><\/div><\/div><div class=\"ult-item-wrap\" data-animation=\"animated no-animation\"><div class=\"video-embed  wpb_content_element\"><iframe loading=\"lazy\" title=\"Amazon\u00eda Produce - El Rol de la Mujer en la producci\u00f3n sostenible y libre de deforestaci\u00f3n\" width=\"1161\" height=\"653\" src=\"https:\/\/www.youtube.com\/embed\/JOOoM3UM1OY?feature=oembed\" frameborder=\"0\" allow=\"accelerometer; autoplay; clipboard-write; encrypted-media; gyroscope; picture-in-picture; web-share\" referrerpolicy=\"strict-origin-when-cross-origin\" allowfullscreen><\/iframe><\/div><\/div><\/div><\/div>            <script type=\"text\/javascript\">\n\t\t\t\tjQuery(document).ready(function($){\n               \t\t$('.ult-carousel-213104312669e7d2d8b6855').slick({dots: true,autoplay: true,autoplaySpeed: 5000,speed: 300,infinite: true,arrows: true,nextArrow: '<button type=\"button\" style=\"color:#333333; font-size:20px;\" class=\"slick-next default\"><i class=\"ultsl-arrow-right4\"><\/i><\/button>',prevArrow: '<button type=\"button\" style=\"color:#333333; font-size:20px;\" class=\"slick-prev default\"><i class=\"ultsl-arrow-left4\"><\/i><\/button>',slidesToScroll:1,slidesToShow:2,swipe: true,draggable: true,touchMove: true,responsive: [\n\t\t\t\t\t\t\t{\n\t\t\t\t\t\t\t  breakpoint: 1025,\n\t\t\t\t\t\t\t  settings: {\n\t\t\t\t\t\t\t\tslidesToShow: 2,\n\t\t\t\t\t\t\t\tslidesToScroll: 1,  \n\t\t\t\t\t\t\t  }\n\t\t\t\t\t\t\t},\n\t\t\t\t\t\t\t{\n\t\t\t\t\t\t\t  breakpoint: 769,\n\t\t\t\t\t\t\t  settings: {\n\t\t\t\t\t\t\t\tslidesToShow: 2,\n\t\t\t\t\t\t\t\tslidesToScroll: 2\n\t\t\t\t\t\t\t  }\n\t\t\t\t\t\t\t},\n\t\t\t\t\t\t\t{\n\t\t\t\t\t\t\t  breakpoint: 481,\n\t\t\t\t\t\t\t  settings: {\n\t\t\t\t\t\t\t\tslidesToShow: 1,\n\t\t\t\t\t\t\t\tslidesToScroll: 1\n\t\t\t\t\t\t\t  }\n\t\t\t\t\t\t\t}\n\t\t\t\t\t\t],pauseOnHover: true,\n\t\t\t\t\t\tpauseOnDotsHover: true,customPaging: function(slider, i) {\n                   return '<i type=\"button\" style=\"color:#333333;\" class=\"ultsl-record\" data-role=\"none\"><\/i>';\n                },});\n\t\t\t\t});\n\t\t\t<\/script>\n            [\/vc_column][\/vc_row][vc_row][\/vc_row][vc_column width=\u00bb1\/1&#8243;][\/vc_column]<div class=\"ult-spacer spacer-69e7d2d90b964\" data-id=\"69e7d2d90b964\" data-height=\"80\" data-height-mobile=\"\" data-height-tab=\"20\" data-height-tab-portrait=\"20\" data-height-mobile-landscape=\"20\" style=\"clear:both;display:block;\"><\/div>\n<p><\/p>\n<\/div>","protected":false},"excerpt":{"rendered":"<p>[vc_row][vc_column width=\u00bb1\/1&#8243;][\/vc_column][\/vc_row][vc_row][vc_column width=\u00bb1\/1&#8243;][\/vc_column][\/vc_row][vc_row][vc_column width=\u00bb1\/2&#8243;][\/vc_column][\/vc_row][vc_row type=\u00bbfull_width_section\u00bb text_align=\u00bbcenter\u00bb][vc_column bg_image=\u00bb61&#8243; column_center=\u00bbtrue\u00bb width=\u00bb1\/1&#8243;][\/vc_column][\/vc_row][vc_row][vc_column width=\u00bb1\/1&#8243;][\/vc_column][\/vc_row][vc_row][vc_column][\/vc_column][\/vc_row][vc_row][\/vc_row][vc_column width=\u00bb1\/1&#8243;][\/vc_column]<\/p>\n","protected":false},"author":2,"featured_media":0,"parent":39,"menu_order":0,"comment_status":"closed","ping_status":"closed","template":"","meta":{"_uf_show_specific_survey":0,"_uf_disable_surveys":false,"footnotes":""},"class_list":["post-4286","page","type-page","status-publish","hentry"],"aioseo_notices":[],"_links":{"self":[{"href":"https:\/\/www.proamazonia.org\/ppr\/wp-json\/wp\/v2\/pages\/4286","targetHints":{"allow":["GET"]}}],"collection":[{"href":"https:\/\/www.proamazonia.org\/ppr\/wp-json\/wp\/v2\/pages"}],"about":[{"href":"https:\/\/www.proamazonia.org\/ppr\/wp-json\/wp\/v2\/types\/page"}],"author":[{"embeddable":true,"href":"https:\/\/www.proamazonia.org\/ppr\/wp-json\/wp\/v2\/users\/2"}],"replies":[{"embeddable":true,"href":"https:\/\/www.proamazonia.org\/ppr\/wp-json\/wp\/v2\/comments?post=4286"}],"version-history":[{"count":3,"href":"https:\/\/www.proamazonia.org\/ppr\/wp-json\/wp\/v2\/pages\/4286\/revisions"}],"predecessor-version":[{"id":4329,"href":"https:\/\/www.proamazonia.org\/ppr\/wp-json\/wp\/v2\/pages\/4286\/revisions\/4329"}],"up":[{"embeddable":true,"href":"https:\/\/www.proamazonia.org\/ppr\/wp-json\/wp\/v2\/pages\/39"}],"wp:attachment":[{"href":"https:\/\/www.proamazonia.org\/ppr\/wp-json\/wp\/v2\/media?parent=4286"}],"curies":[{"name":"wp","href":"https:\/\/api.w.org\/{rel}","templated":true}]}}